{"id":17,"date":"2014-12-25T14:00:36","date_gmt":"2014-12-25T12:00:36","guid":{"rendered":"http:\/\/127.0.0.1\/wordpress\/?page_id=2"},"modified":"2021-12-10T19:57:34","modified_gmt":"2021-12-10T17:57:34","slug":"a-propos-2","status":"publish","type":"page","link":"http:\/\/www.historikerkomitee.de\/?page_id=17","title":{"rendered":"Willkommen\/Accueil"},"content":{"rendered":"<h2><span style=\"color: #000000;\"><strong>Herzlich Willkommen auf den Seiten des deutsch-franz\u00f6sischen Historikerkomitees!<\/strong><\/span><\/h2>\n<p style=\"text-align: justify;\">Das deutsch-franz\u00f6sische Historikerkomitee (DFHK) ist eine Vereinigung deutscher und franz\u00f6sischer Historiker sowie Wissenschaftler benachbarter Fachrichtungen, die mit geschichtswissenschaftlichen Methoden arbeiten. Ziel des 1988 gegr\u00fcndeten Vereins ist die F\u00f6rderung der Erforschung der deutsch-franz\u00f6sischen Beziehungen, der Geschichte des jeweiligen Nachbarlandes und beider L\u00e4nder im Vergleich im 19. und 20. Jahrhundert. Das DFHK versteht sich aufgrund seiner Zielsetzung als <strong>binational<\/strong> und f\u00f6rdert die grenz\u00fcberschreitende Zusammenarbeit zwischen deutschen und franz\u00f6sischen Fachkollegen.<\/p>\n<h2><img loading=\"lazy\" class=\"aligncenter size-full wp-image-208\" title=\"grenoble bastille2\" src=\"http:\/\/www.historikerkomitee.de\/wordpress\/wp-content\/uploads\/grenoble-bastille21.jpg\" alt=\"\" width=\"604\" height=\"122\" srcset=\"http:\/\/www.historikerkomitee.de\/wordpress\/wp-content\/uploads\/grenoble-bastille21.jpg 604w, http:\/\/www.historikerkomitee.de\/wordpress\/wp-content\/uploads\/grenoble-bastille21-300x60.jpg 300w\" sizes=\"(max-width: 604px) 100vw, 604px\" \/><\/h2>\n<h2><strong><span style=\"color: #333399;\">Bienvenue sur le site du Comit\u00e9 franco-allemand des historiens!<\/span><\/strong><\/h2>\n<p style=\"text-align: justify;\"><span style=\"color: #000080;\">Le Comit\u00e9 franco-allemand des historiens (CFAH) est une association d&rsquo;historiens allemands et fran\u00e7ais ainsi que de chercheurs de disciplines voisines travaillant avec des m\u00e9thodes historiques. Le but du CFAH, fond\u00e9 en 1988,\u00a0 est l\u2019encouragement de la recherche sur l&rsquo;histoire des relations franco-allemandes, l&rsquo;histoire du pays voisin ainsi que l&rsquo;histoire compar\u00e9e des deux pays aux XIXe et XXe si\u00e8cles. L\u2019association a, de par son objectif, <span style=\"color: #000080;\">un caract\u00e8re <strong>binational <\/strong><\/span>et encourage ainsi une collaboration par-del\u00e0 les fronti\u00e8res entre coll\u00e8gues allemands et fran\u00e7ais de m\u00eame sp\u00e9cialit\u00e9.<\/span><\/p>\n<h2><a href=\"http:\/\/www.historikerkomitee.de\/wordpress\/wp-content\/uploads\/BD21324_.gif\"><img loading=\"lazy\" class=\" size-full wp-image-246 aligncenter\" title=\"BD21324_\" src=\"http:\/\/www.historikerkomitee.de\/wordpress\/wp-content\/uploads\/BD21324_.gif\" alt=\"\" width=\"623\" height=\"18\" srcset=\"http:\/\/www.historikerkomitee.de\/wordpress\/wp-content\/uploads\/BD21324_.gif 623w, http:\/\/www.historikerkomitee.de\/wordpress\/wp-content\/uploads\/BD21324_-300x8.gif 300w\" sizes=\"(max-width: 623px) 100vw, 623px\" \/><\/a><strong><span style=\"color: #888888;\">Binationale Struktur<\/span><\/strong><\/h2>\n<p style=\"text-align: justify;\">Das Komitee wurde 1988 mit einer besonderen organisatorischen Struktur gegr\u00fcndet, die es zu einem \u00ab\u00a0binationalen\u00a0\u00bb und weitestgehend integrierten Verein macht. Das Komitee ist in Deutschland als eingetragener Verein mit der Bezeichnung \u00ab\u00a0Deutsch-Franz\u00f6sisches Komitee f\u00fcr die Erforschung der deutschen und franz\u00f6sischen Geschichte des 19. und 20. Jahrhunderts e.V.\u00a0\u00bb und Sitz in Hamburg (Vereinsregister des Amtsgerichts Hamburg unter Nr. 12 604) anerkannt. In Frankreich firmiert das Komitee als \u00ab\u00a0Comit\u00e9 Franco-Allemand de recherches sur l&rsquo;histoire de la France et de l&rsquo;Allemagne aux XIX\u00e8me et XX\u00e8me si\u00e8cles\u00a0\u00bb mit Sitz in Paris. Im Sinne der erstrebten m\u00f6glichst engen binationalen Kooperation deutscher und franz\u00f6sischer Fachkollegen besteht der alle zwei Jahre neu zu w\u00e4hlende Vorstand satzungsgem\u00e4\u00df\u00a0aus drei franz\u00f6sischen und drei deutschen Historikerinnen oder Historikern.<\/p>\n<p style=\"text-align: justify;\">Die Initiatoren und \u00ab\u00a0Gr\u00fcndungspr\u00e4sidenten\u00a0\u00bb des Komitees waren die Professoren Raymond Poidevin (Strasbourg, gestorben 2000) und Josef Becker (Augsburg). Im Pr\u00e4sidentenamt folgten ihnen die Professoren Klaus-J\u00fcrgen M\u00fcller (Hamburg, gestorben 2011), Georges-Henri Soutou (Paris), Rainer Hudemann (Saarbr\u00fccken), Louis Dupeux (Strasbourg, gestorben 2002), Beatrix Bouvier (Darmstadt), Fran\u00e7ois Roth (Nancy), Stefan Fisch (Speyer), Chantal Metzger (Nancy), Hartmut Kaelble (Berlin), Jean-Paul Cahn (Paris),\u00a0 Dietmar H\u00fcser (Kassel),\u00a0Jean-Fran\u00e7ois-Eck (Lille), Wilfried Loth (Duisburg-Essen), H\u00e9l\u00e8ne Miard-Delacroix (Paris), Guido Thiemeyer (D\u00fcsseldorf) und Catherine Maurer.<\/p>\n<p style=\"text-align: justify;\">F\u00fcr die Wahlperiode 2021-2023 ist <strong>Anne Kwaschik (Universit\u00e4t Konstanz) Pr\u00e4sidentin des Deutsch-franz\u00f6sischen Historikerkomitees. <\/strong><\/p>\n<h2 style=\"text-align: justify;\"><img loading=\"lazy\" class=\" size-full wp-image-385 aligncenter\" title=\"LINE7\" src=\"http:\/\/www.historikerkomitee.de\/wordpress\/wp-content\/uploads\/LINE7.gif\" alt=\"\" width=\"623\" height=\"18\" srcset=\"http:\/\/www.historikerkomitee.de\/wordpress\/wp-content\/uploads\/LINE7.gif 623w, http:\/\/www.historikerkomitee.de\/wordpress\/wp-content\/uploads\/LINE7-300x8.gif 300w\" sizes=\"(max-width: 623px) 100vw, 623px\" \/><\/h2>\n<h2 style=\"text-align: justify;\">\u00a0<span style=\"color: #000080;\"><strong>Structure binationale<\/strong><\/span><\/h2>\n<p style=\"text-align: justify;\"><span style=\"color: #000080;\">Le Comit\u00e9 a \u00e9t\u00e9 fond\u00e9 en 1988 avec une structure d&rsquo;organisation particuli\u00e8re qui en fait pleinement une association binationale int\u00e9gr\u00e9e. En Allemagne c&rsquo;est une association d\u00e9clar\u00e9e avec l&rsquo;intitul\u00e9 suivant : Deutsch-franz\u00f6sisches Komitee f\u00fcr die Erforschung der deutschen und franz\u00f6sischen Geschichte des 19. und 20. Jahrhunderts e.V. Son si\u00e8ge est \u00e0 Hamburg (registre des associations du tribunal d&rsquo;instance de Hamburg, num\u00e9ro 12 604). En France, son intitul\u00e9 est le suivant \u201eComit\u00e9 franco-allemand de recherches sur l\u2019histoire de la France et de l&rsquo;Allemagne aux XIX\u00e9me et XX\u00e9me si\u00e8cles\u00a0\u00bb et son si\u00e8ge est \u00e0 Paris. Afin de favoriser la coop\u00e9ration la plus \u00e9troite possible entre coll\u00e8gues fran\u00e7ais et allemands, le comit\u00e9 est dirig\u00e9 par un bureau \u00e9lu tous les deux ans. Conform\u00e9ment aux statuts ce bureau se compose de trois historiens ou historiennes fran\u00e7ais et de trois historiens ou historiennes allemandes.<\/span><\/p>\n<p style=\"text-align: justify;\"><span style=\"color: #000080;\">Les professeurs Raymond Poidevin (d\u00e9c\u00e9d\u00e9 en 2000) et Josef Becker (Augsburg) ont \u00e9t\u00e9 les fondateurs et les premiers pr\u00e9sidents du Comit\u00e9. Se sont ensuite succ\u00e9d\u00e9s \u00e0 la pr\u00e9sidence les professeurs Klaus-J\u00fcrgen M\u00fcller (Hamburg, d\u00e9c\u00e9d\u00e9 en 2011) Georges-Henri Soutou (Paris); Rainer Hudemann (Saarbr\u00fccken); Louis Dupeux (d\u00e9c\u00e9d\u00e9 en 2002), Beatrix Bouvier (Darmstadt), Fran\u00e7ois Roth (Nancy), Stefan Fisch (Speyer), Chantal Metzger (Nancy), Hartmut Kaelble (Berlin),\u00a0 Jean-Paul Cahn (Paris), Dietmar H\u00fcser (Kassel), Jean-Fran\u00e7ois-Eck (Lille), Wilfried Loth (Duisburg-Essen), H\u00e9l\u00e8ne Miard-Delacroix (Paris), Guido Thiemeyer (D\u00fcsseldorf) et Catherine Maurer (Strasborug).<\/span><\/p>\n<p><span style=\"color: #000080;\"><strong>La pr\u00e9sidente actuelle du Comit\u00e9 est Anne Kwaschik (Universit\u00e9 de Constance)<\/strong>.<\/span><\/p>\n<h2><\/h2>\n<h3 style=\"text-align: left;\"><span style=\"text-decoration: underline;\"><span style=\"color: #888888; text-decoration: underline;\"><strong><a href=\"http:\/\/www.historikerkomitee.de\/?attachment_id=237\" rel=\"attachment wp-att-237\">\u00a0<\/a><\/strong><\/span><\/span><\/h3>\n<div class=\"wp-socializer wpsr-share-icons\" data-lg-action=\"show\" data-sm-action=\"show\" data-sm-width=\"768\"><div class=\"wpsr-si-inner\"><div class=\"socializer sr-popup sr-32px sr-squircle sr-opacity sr-pad\"><span class=\"sr-facebook\"><a data-id=\"facebook\" style=\"color:#ffffff;\" rel=\"nofollow\" href=\"https:\/\/www.facebook.com\/share.php?u=\" target=\"_blank\" title=\"Share this on Facebook\"><i class=\"fab fa-facebook-f\"><\/i><\/a><\/span>\n<span class=\"sr-twitter\"><a data-id=\"twitter\" style=\"color:#ffffff;\" rel=\"nofollow\" href=\"https:\/\/twitter.com\/intent\/tweet?text=%20-%20%20\" target=\"_blank\" title=\"Tweet this !\"><i class=\"fab fa-twitter\"><\/i><\/a><\/span>\n<span class=\"sr-linkedin\"><a data-id=\"linkedin\" style=\"color:#ffffff;\" rel=\"nofollow\" href=\"https:\/\/www.linkedin.com\/sharing\/share-offsite\/?url=\" target=\"_blank\" title=\"Add this to LinkedIn\"><i class=\"fab fa-linkedin-in\"><\/i><\/a><\/span>\n<span class=\"sr-pdf\"><a data-id=\"pdf\" style=\"color:#ffffff;\" rel=\"nofollow\" href=\"https:\/\/www.printfriendly.com\/print?url=\" target=\"_blank\" title=\"Convert to PDF\"><i class=\"fa fa-file-pdf\"><\/i><\/a><\/span>\n<span class=\"sr-share-menu\"><a href=\"#\" target=\"_blank\" title=\"More share links\" style=\"color:#ffffff;\" data-metadata=\"{&quot;url&quot;:&quot;&quot;,&quot;title&quot;:&quot;&quot;,&quot;excerpt&quot;:&quot;&quot;,&quot;image&quot;:&quot;&quot;,&quot;short-url&quot;:&quot;&quot;,&quot;rss-url&quot;:&quot;http:\\\/\\\/www.historikerkomitee.de\\\/?feed=rss2&quot;,&quot;comments-section&quot;:&quot;comments&quot;,&quot;raw-url&quot;:null,&quot;twitter-username&quot;:&quot;&quot;,&quot;fb-app-id&quot;:&quot;&quot;,&quot;fb-app-secret&quot;:&quot;&quot;}\"><i class=\"fa fa-plus\"><\/i><\/a><\/span><\/div><\/div><\/div>","protected":false},"excerpt":{"rendered":"<p>Herzlich Willkommen auf den Seiten des deutsch-franz\u00f6sischen Historikerkomitees! Das deutsch-franz\u00f6sische Historikerkomitee (DFHK) ist eine Vereinigung deutscher und franz\u00f6sischer Historiker sowie Wissenschaftler benachbarter Fachrichtungen, die mit geschichtswissenschaftlichen Methoden arbeiten. Ziel des 1988 gegr\u00fcndeten Vereins ist die F\u00f6rderung der Erforschung der deutsch-franz\u00f6sischen Beziehungen, der Geschichte des jeweiligen Nachbarlandes und beider L\u00e4nder im Vergleich im 19. und 20. &hellip; <a href=\"http:\/\/www.historikerkomitee.de\/?page_id=17\" class=\"more-link\">Continuer la lecture de <span class=\"screen-reader-text\">Willkommen\/Accueil<\/span>  <span class=\"meta-nav\">&rarr;<\/span><\/a><\/p>\n","protected":false},"author":3,"featured_media":0,"parent":0,"menu_order":1,"comment_status":"closed","ping_status":"closed","template":"","meta":[],"acf":[],"_links":{"self":[{"href":"http:\/\/www.historikerkomitee.de\/index.php?rest_route=\/wp\/v2\/pages\/17"}],"collection":[{"href":"http:\/\/www.historikerkomitee.de\/index.php?rest_route=\/wp\/v2\/pages"}],"about":[{"href":"http:\/\/www.historikerkomitee.de\/index.php?rest_route=\/wp\/v2\/types\/page"}],"author":[{"embeddable":true,"href":"http:\/\/www.historikerkomitee.de\/index.php?rest_route=\/wp\/v2\/users\/3"}],"replies":[{"embeddable":true,"href":"http:\/\/www.historikerkomitee.de\/index.php?rest_route=%2Fwp%2Fv2%2Fcomments&post=17"}],"version-history":[{"count":34,"href":"http:\/\/www.historikerkomitee.de\/index.php?rest_route=\/wp\/v2\/pages\/17\/revisions"}],"predecessor-version":[{"id":4262,"href":"http:\/\/www.historikerkomitee.de\/index.php?rest_route=\/wp\/v2\/pages\/17\/revisions\/4262"}],"wp:attachment":[{"href":"http:\/\/www.historikerkomitee.de\/index.php?rest_route=%2Fwp%2Fv2%2Fmedia&parent=17"}],"curies":[{"name":"wp","href":"https:\/\/api.w.org\/{rel}","templated":true}]}}

<h2><span style="color: #000000;"><strong>Herzlich Willkommen auf den Seiten des deutsch-französischen Historikerkomitees!</strong></span></h2>
<p style="text-align: justify;">Das deutsch-französische Historikerkomitee (DFHK) ist eine Vereinigung deutscher und französischer Historiker sowie Wissenschaftler benachbarter Fachrichtungen, die mit geschichtswissenschaftlichen Methoden arbeiten. Ziel des 1988 gegründeten Vereins ist die Förderung der Erforschung der deutsch-französischen Beziehungen, der Geschichte des jeweiligen Nachbarlandes und beider Länder im Vergleich im 19. und 20. Jahrhundert. Das DFHK versteht sich aufgrund seiner Zielsetzung als <strong>binational</strong> und fördert die grenzüberschreitende Zusammenarbeit zwischen deutschen und französischen Fachkollegen.</p>
<h2><img loading="lazy" class="aligncenter size-full wp-image-208" title="grenoble bastille2" src="http://www.historikerkomitee.de/wordpress/wp-content/uploads/grenoble-bastille21.jpg" alt="" width="604" height="122" srcset="http://www.historikerkomitee.de/wordpress/wp-content/uploads/grenoble-bastille21.jpg 604w, http://www.historikerkomitee.de/wordpress/wp-content/uploads/grenoble-bastille21-300x60.jpg 300w" sizes="(max-width: 604px) 100vw, 604px" /></h2>
<h2><strong><span style="color: #333399;">Bienvenue sur le site du Comité franco-allemand des historiens!</span></strong></h2>
<p style="text-align: justify;"><span style="color: #000080;">Le Comité franco-allemand des historiens (CFAH) est une association d&rsquo;historiens allemands et français ainsi que de chercheurs de disciplines voisines travaillant avec des méthodes historiques. Le but du CFAH, fondé en 1988,  est l’encouragement de la recherche sur l&rsquo;histoire des relations franco-allemandes, l&rsquo;histoire du pays voisin ainsi que l&rsquo;histoire comparée des deux pays aux XIXe et XXe siècles. L’association a, de par son objectif, <span style="color: #000080;">un caractère <strong>binational </strong></span>et encourage ainsi une collaboration par-delà les frontières entre collègues allemands et français de même spécialité.</span></p>
<h2><a href="http://www.historikerkomitee.de/wordpress/wp-content/uploads/BD21324_.gif"><img loading="lazy" class=" size-full wp-image-246 aligncenter" title="BD21324_" src="http://www.historikerkomitee.de/wordpress/wp-content/uploads/BD21324_.gif" alt="" width="623" height="18" srcset="http://www.historikerkomitee.de/wordpress/wp-content/uploads/BD21324_.gif 623w, http://www.historikerkomitee.de/wordpress/wp-content/uploads/BD21324_-300x8.gif 300w" sizes="(max-width: 623px) 100vw, 623px" /></a><strong><span style="color: #888888;">Binationale Struktur</span></strong></h2>
<p style="text-align: justify;">Das Komitee wurde 1988 mit einer besonderen organisatorischen Struktur gegründet, die es zu einem « binationalen » und weitestgehend integrierten Verein macht. Das Komitee ist in Deutschland als eingetragener Verein mit der Bezeichnung « Deutsch-Französisches Komitee für die Erforschung der deutschen und französischen Geschichte des 19. und 20. Jahrhunderts e.V. » und Sitz in Hamburg (Vereinsregister des Amtsgerichts Hamburg unter Nr. 12 604) anerkannt. In Frankreich firmiert das Komitee als « Comité Franco-Allemand de recherches sur l&rsquo;histoire de la France et de l&rsquo;Allemagne aux XIXème et XXème siècles » mit Sitz in Paris. Im Sinne der erstrebten möglichst engen binationalen Kooperation deutscher und französischer Fachkollegen besteht der alle zwei Jahre neu zu wählende Vorstand satzungsgemäß aus drei französischen und drei deutschen Historikerinnen oder Historikern.</p>
<p style="text-align: justify;">Die Initiatoren und « Gründungspräsidenten » des Komitees waren die Professoren Raymond Poidevin (Strasbourg, gestorben 2000) und Josef Becker (Augsburg). Im Präsidentenamt folgten ihnen die Professoren Klaus-Jürgen Müller (Hamburg, gestorben 2011), Georges-Henri Soutou (Paris), Rainer Hudemann (Saarbrücken), Louis Dupeux (Strasbourg, gestorben 2002), Beatrix Bouvier (Darmstadt), François Roth (Nancy), Stefan Fisch (Speyer), Chantal Metzger (Nancy), Hartmut Kaelble (Berlin), Jean-Paul Cahn (Paris),  Dietmar Hüser (Kassel), Jean-François-Eck (Lille), Wilfried Loth (Duisburg-Essen), Hélène Miard-Delacroix (Paris), Guido Thiemeyer (Düsseldorf) und Catherine Maurer.</p>
<p style="text-align: justify;">Für die Wahlperiode 2021-2023 ist <strong>Anne Kwaschik (Universität Konstanz) Präsidentin des Deutsch-französischen Historikerkomitees. </strong></p>
<h2 style="text-align: justify;"><img loading="lazy" class=" size-full wp-image-385 aligncenter" title="LINE7" src="http://www.historikerkomitee.de/wordpress/wp-content/uploads/LINE7.gif" alt="" width="623" height="18" srcset="http://www.historikerkomitee.de/wordpress/wp-content/uploads/LINE7.gif 623w, http://www.historikerkomitee.de/wordpress/wp-content/uploads/LINE7-300x8.gif 300w" sizes="(max-width: 623px) 100vw, 623px" /></h2>
<h2 style="text-align: justify;"> <span style="color: #000080;"><strong>Structure binationale</strong></span></h2>
<p style="text-align: justify;"><span style="color: #000080;">Le Comité a été fondé en 1988 avec une structure d&rsquo;organisation particulière qui en fait pleinement une association binationale intégrée. En Allemagne c&rsquo;est une association déclarée avec l&rsquo;intitulé suivant : Deutsch-französisches Komitee für die Erforschung der deutschen und französischen Geschichte des 19. und 20. Jahrhunderts e.V. Son siège est à Hamburg (registre des associations du tribunal d&rsquo;instance de Hamburg, numéro 12 604). En France, son intitulé est le suivant „Comité franco-allemand de recherches sur l’histoire de la France et de l&rsquo;Allemagne aux XIXéme et XXéme siècles » et son siège est à Paris. Afin de favoriser la coopération la plus étroite possible entre collègues français et allemands, le comité est dirigé par un bureau élu tous les deux ans. Conformément aux statuts ce bureau se compose de trois historiens ou historiennes français et de trois historiens ou historiennes allemandes.</span></p>
<p style="text-align: justify;"><span style="color: #000080;">Les professeurs Raymond Poidevin (décédé en 2000) et Josef Becker (Augsburg) ont été les fondateurs et les premiers présidents du Comité. Se sont ensuite succédés à la présidence les professeurs Klaus-Jürgen Müller (Hamburg, décédé en 2011) Georges-Henri Soutou (Paris); Rainer Hudemann (Saarbrücken); Louis Dupeux (décédé en 2002), Beatrix Bouvier (Darmstadt), François Roth (Nancy), Stefan Fisch (Speyer), Chantal Metzger (Nancy), Hartmut Kaelble (Berlin),  Jean-Paul Cahn (Paris), Dietmar Hüser (Kassel), Jean-François-Eck (Lille), Wilfried Loth (Duisburg-Essen), Hélène Miard-Delacroix (Paris), Guido Thiemeyer (Düsseldorf) et Catherine Maurer (Strasborug).</span></p>
<p><span style="color: #000080;"><strong>La présidente actuelle du Comité est Anne Kwaschik (Université de Constance)</strong>.</span></p>
<h2></h2>
<h3 style="text-align: left;"><span style="text-decoration: underline;"><span style="color: #888888; text-decoration: underline;"><strong><a href="http://www.historikerkomitee.de/?attachment_id=237" rel="attachment wp-att-237"> </a></strong></span></span></h3>
<div class="wp-socializer wpsr-share-icons" data-lg-action="show" data-sm-action="show" data-sm-width="768"><div class="wpsr-si-inner"><div class="socializer sr-popup sr-32px sr-squircle sr-opacity sr-pad"><span class="sr-facebook"><a data-id="facebook" style="color:#ffffff;" rel="nofollow" href="https://www.facebook.com/share.php?u=" target="_blank" title="Share this on Facebook"><i class="fab fa-facebook-f"></i></a></span>
<span class="sr-twitter"><a data-id="twitter" style="color:#ffffff;" rel="nofollow" href="https://twitter.com/intent/tweet?text=%20-%20%20" target="_blank" title="Tweet this !"><i class="fab fa-twitter"></i></a></span>
<span class="sr-linkedin"><a data-id="linkedin" style="color:#ffffff;" rel="nofollow" href="https://www.linkedin.com/sharing/share-offsite/?url=" target="_blank" title="Add this to LinkedIn"><i class="fab fa-linkedin-in"></i></a></span>
<span class="sr-pdf"><a data-id="pdf" style="color:#ffffff;" rel="nofollow" href="https://www.printfriendly.com/print?url=" target="_blank" title="Convert to PDF"><i class="fa fa-file-pdf"></i></a></span>
<span class="sr-share-menu"><a href="#" target="_blank" title="More share links" style="color:#ffffff;" data-metadata="{&quot;url&quot;:&quot;&quot;,&quot;title&quot;:&quot;&quot;,&quot;excerpt&quot;:&quot;&quot;,&quot;image&quot;:&quot;&quot;,&quot;short-url&quot;:&quot;&quot;,&quot;rss-url&quot;:&quot;http:\/\/www.historikerkomitee.de\/?feed=rss2&quot;,&quot;comments-section&quot;:&quot;comments&quot;,&quot;raw-url&quot;:null,&quot;twitter-username&quot;:&quot;&quot;,&quot;fb-app-id&quot;:&quot;&quot;,&quot;fb-app-secret&quot;:&quot;&quot;}"><i class="fa fa-plus"></i></a></span></div></div></div>

<p>Herzlich Willkommen auf den Seiten des deutsch-französischen Historikerkomitees! Das deutsch-französische Historikerkomitee (DFHK) ist eine Vereinigung deutscher und französischer Historiker sowie Wissenschaftler benachbarter Fachrichtungen, die mit geschichtswissenschaftlichen Methoden arbeiten. Ziel des 1988 gegründeten Vereins ist die Förderung der Erforschung der deutsch-französischen Beziehungen, der Geschichte des jeweiligen Nachbarlandes und beider Länder im Vergleich im 19. und 20. &hellip; <a href="http://www.historikerkomitee.de/?page_id=17" class="more-link">Continuer la lecture de <span class="screen-reader-text">Willkommen/Accueil</span>  <span class="meta-nav">&rarr;</span></a></p>
