{"id":407,"date":"2011-02-22T17:52:48","date_gmt":"2011-02-22T15:52:48","guid":{"rendered":"http:\/\/www.historikerkomitee.de\/?page_id=407"},"modified":"2013-11-03T01:21:02","modified_gmt":"2013-11-02T23:21:02","slug":"publi-membres","status":"publish","type":"page","link":"http:\/\/www.historikerkomitee.de\/?page_id=407","title":{"rendered":"Nos membres publient en ligne \/Online-Publikationen unserer Mitglieder"},"content":{"rendered":"<p><strong><\/strong><strong><span style=\"color: #800000;\">(\u00e0 venir&#8230;)<\/span><\/strong><\/p>\n<p><strong><\/strong><strong><span style=\"color: #800000;\"><img loading=\"lazy\" class=\"alignright size-thumbnail wp-image-411\" title=\"Book4\" src=\"http:\/\/www.historikerkomitee.de\/wordpress\/wp-content\/uploads\/Book4-150x150.jpg\" alt=\"\" width=\"150\" height=\"150\" \/><br \/>\n<\/span><\/strong><\/p>\n<ul>\n<li><strong>Reiner Marcowitz <\/strong>(dir.): <a href=\"http:\/\/www.oldenbourg-verlag.de\/wissenschaftsverlag\/nationale-identitaet-und-transnationale-einfluesse\/9783486585087\" target=\"_blank\">Nationale Identit\u00e4t und transnationale Einfl\u00fcsse. Amerikanisierung, Europ\u00e4isierung und Globalisierung in Frankreich nach dem Zweiten Weltkrieg<\/a>, Munich (R. Oldenbourg), 2007.<\/li>\n<\/ul>\n<ul>\n<li><strong>Reiner Marcowitz<\/strong> (dir.): <a href=\"http:\/\/www.oldenbourg-verlag.de\/wissenschaftsverlag\/neues-deutschland-deutsch-franzoesische-bilanz-20-jahre-vereinigu\/9783486597707\" target=\"_blank\">Ein \u201eneues\u201c Deutschland ? Eine deutsch-franz\u00f6sische Bilanz 20 Jahre nach der Vereinigung<\/a> \/ Une \u201enouvelle\u201c Allemagne ? Un bilan franco-allemand 20 ans apr\u00e8s l\u2019unification, Munich (R. Oldenbourg ), 2010.<\/li>\n<\/ul>\n<ul>\n<li><strong>Reiner Marcowitz\/Ulrich Pfeil<\/strong> (Hrsg.): <a href=\"http:\/\/web.archive.org\/web\/20071014144154\/http:\/\/www.zeitschrift-dokumente.de\/downloads\/artikel\/art_08052006.pdf\" target=\"_blank\">Dossier: Gemeinsames Geschichtsbuch\/Manuel franco-allemand<\/a>, in : Dokumente, Bd. 62 (2006), S. 52-96.<\/li>\n<\/ul>\n<ul>\n<li><strong>Corine Defrance\/Reiner Marcowitz\/Ulrich Pfeil<\/strong>:  Dossier: Histoire \u2013 Geschichte 2 : <a href=\"http:\/\/www.gei.de\/index.php?id=1298\" target=\"_blank\" class=\"broken_link\" rel=\"nofollow\">L\u2019Europe et le monde du congr\u00e8s de  Vienne \u00e0 1945. Manuel d\u2019Histoire franco-allemand<\/a> \u2013 Premi\u00e8res L\/ES\/S \/  Histoire \u2013 Geschichte 2 : Europa und die Welt vom Wiener Kongress bis  1945<\/li>\n<\/ul>\n<div class=\"wp-socializer wpsr-share-icons\" data-lg-action=\"show\" data-sm-action=\"show\" data-sm-width=\"768\"><div class=\"wpsr-si-inner\"><div class=\"socializer sr-popup sr-32px sr-squircle sr-opacity sr-pad\"><span class=\"sr-facebook\"><a data-id=\"facebook\" style=\"color:#ffffff;\" rel=\"nofollow\" href=\"https:\/\/www.facebook.com\/share.php?u=\" target=\"_blank\" title=\"Share this on Facebook\"><i class=\"fab fa-facebook-f\"><\/i><\/a><\/span>\n<span class=\"sr-twitter\"><a data-id=\"twitter\" style=\"color:#ffffff;\" rel=\"nofollow\" href=\"https:\/\/twitter.com\/intent\/tweet?text=%20-%20%20\" target=\"_blank\" title=\"Tweet this !\"><i class=\"fab fa-twitter\"><\/i><\/a><\/span>\n<span class=\"sr-linkedin\"><a data-id=\"linkedin\" style=\"color:#ffffff;\" rel=\"nofollow\" href=\"https:\/\/www.linkedin.com\/sharing\/share-offsite\/?url=\" target=\"_blank\" title=\"Add this to LinkedIn\"><i class=\"fab fa-linkedin-in\"><\/i><\/a><\/span>\n<span class=\"sr-pdf\"><a data-id=\"pdf\" style=\"color:#ffffff;\" rel=\"nofollow\" href=\"https:\/\/www.printfriendly.com\/print?url=\" target=\"_blank\" title=\"Convert to PDF\"><i class=\"fa fa-file-pdf\"><\/i><\/a><\/span>\n<span class=\"sr-share-menu\"><a href=\"#\" target=\"_blank\" title=\"More share links\" style=\"color:#ffffff;\" data-metadata=\"{&quot;url&quot;:&quot;&quot;,&quot;title&quot;:&quot;&quot;,&quot;excerpt&quot;:&quot;&quot;,&quot;image&quot;:&quot;&quot;,&quot;short-url&quot;:&quot;&quot;,&quot;rss-url&quot;:&quot;http:\\\/\\\/www.historikerkomitee.de\\\/?feed=rss2&quot;,&quot;comments-section&quot;:&quot;comments&quot;,&quot;raw-url&quot;:null,&quot;twitter-username&quot;:&quot;&quot;,&quot;fb-app-id&quot;:&quot;&quot;,&quot;fb-app-secret&quot;:&quot;&quot;}\"><i class=\"fa fa-plus\"><\/i><\/a><\/span><\/div><\/div><\/div>","protected":false},"excerpt":{"rendered":"<p>(\u00e0 venir&#8230;) Reiner Marcowitz (dir.): Nationale Identit\u00e4t und transnationale Einfl\u00fcsse. Amerikanisierung, Europ\u00e4isierung und Globalisierung in Frankreich nach dem Zweiten Weltkrieg, Munich (R. Oldenbourg), 2007. Reiner Marcowitz (dir.): Ein \u201eneues\u201c Deutschland ? Eine deutsch-franz\u00f6sische Bilanz 20 Jahre nach der Vereinigung \/ Une \u201enouvelle\u201c Allemagne ? Un bilan franco-allemand 20 ans apr\u00e8s l\u2019unification, Munich (R. Oldenbourg ), &hellip; <a href=\"http:\/\/www.historikerkomitee.de\/?page_id=407\" class=\"more-link\">Continuer la lecture de <span class=\"screen-reader-text\">Nos membres publient en ligne \/Online-Publikationen unserer Mitglieder<\/span>  <span class=\"meta-nav\">&rarr;<\/span><\/a><\/p>\n","protected":false},"author":3,"featured_media":0,"parent":94,"menu_order":1,"comment_status":"closed","ping_status":"closed","template":"","meta":[],"acf":[],"_links":{"self":[{"href":"http:\/\/www.historikerkomitee.de\/index.php?rest_route=\/wp\/v2\/pages\/407"}],"collection":[{"href":"http:\/\/www.historikerkomitee.de\/index.php?rest_route=\/wp\/v2\/pages"}],"about":[{"href":"http:\/\/www.historikerkomitee.de\/index.php?rest_route=\/wp\/v2\/types\/page"}],"author":[{"embeddable":true,"href":"http:\/\/www.historikerkomitee.de\/index.php?rest_route=\/wp\/v2\/users\/3"}],"replies":[{"embeddable":true,"href":"http:\/\/www.historikerkomitee.de\/index.php?rest_route=%2Fwp%2Fv2%2Fcomments&post=407"}],"version-history":[{"count":14,"href":"http:\/\/www.historikerkomitee.de\/index.php?rest_route=\/wp\/v2\/pages\/407\/revisions"}],"predecessor-version":[{"id":2438,"href":"http:\/\/www.historikerkomitee.de\/index.php?rest_route=\/wp\/v2\/pages\/407\/revisions\/2438"}],"up":[{"embeddable":true,"href":"http:\/\/www.historikerkomitee.de\/index.php?rest_route=\/wp\/v2\/pages\/94"}],"wp:attachment":[{"href":"http:\/\/www.historikerkomitee.de\/index.php?rest_route=%2Fwp%2Fv2%2Fmedia&parent=407"}],"curies":[{"name":"wp","href":"https:\/\/api.w.org\/{rel}","templated":true}]}}