{"id":568,"date":"2011-06-28T22:45:27","date_gmt":"2011-06-28T20:45:27","guid":{"rendered":"http:\/\/www.historikerkomitee.de\/?page_id=568"},"modified":"2022-05-04T11:43:58","modified_gmt":"2022-05-04T09:43:58","slug":"publications-en-ligne-online-publikationen","status":"publish","type":"page","link":"http:\/\/www.historikerkomitee.de\/?page_id=568","title":{"rendered":"Publications en ligne \/ Online-Publikationen"},"content":{"rendered":"<ul>\n<li>\n<h3><strong>Revues \u00e9lectroniques \/ Online-Zeitschriften<\/strong><\/h3>\n<\/li>\n<\/ul>\n<p style=\"padding-left: 30px;\"><a href=\"https:\/\/perspectivia.net\/publikationen\/francia\" target=\"_blank\" rel=\"noopener\"><strong>Francia<\/strong> <strong>\u2013 Zeitschrift f\u00fcr Westeurop\u00e4ische Geschichte<\/strong><\/a>Publikation des DHI \/ revue de l&rsquo;IHA<\/p>\n<p style=\"padding-left: 30px;\"><strong><a href=\"http:\/\/trivium.revues.org\/\" target=\"_blank\" rel=\"noopener\">Trivium \u2013<\/a><\/strong> Deutsch-franz\u00f6sische Zeitschrift f\u00fcr Geistes- und Sozialwissenschaften \/ Revue franco-allemande de sciences humaines et sociales<\/p>\n<p style=\"padding-left: 30px;\"><strong><a href=\"http:\/\/trajectoires.revues.org\" target=\"_blank\" rel=\"noopener\">Trajectoire<\/a>,<\/strong> revue des jeunes chercheurs du CIERA\/Zeitschrift der Nachwuchsforscher des CIERA<\/p>\n<ul>\n<li>\n<h3><strong>Publications en ligne \/ Online-Publikationen<br \/>\n<\/strong><\/h3>\n<\/li>\n<\/ul>\n<p style=\"padding-left: 30px;\"><strong><a href=\"http:\/\/halshs.archives-ouvertes.fr\/\" target=\"_blank\" rel=\"noopener\">HAL-SHS, <\/a><\/strong>Archive ouverte en Sciences de l\u2019Homme et de la Soci\u00e9t\u00e9\/Offenes Archiv f\u00fcr Geistes- und Sozialwissenschaften<\/p>\n<ul>\n<li>\n<h3>Recensions\/ Rezensionen<\/h3>\n<p><strong><a href=\"http:\/\/www.recensio.net\" target=\"_blank\" rel=\"noopener\">recensio.net <\/a><\/strong>ist ein von der Deutschen Forschungsgemeinschaft gef\u00f6rdertes Gemeinschaftsprojekt<br \/>\nRecensio.net propose deux grandes fonctions: l&rsquo;acc\u00e8s libre \u00e0 des comptes rendus scientifiques r\u00e9cents en histoire publi\u00e9s en Europe et une plateforme d&rsquo;autopromotion pour les auteurs d\u00e9sireux de pr\u00e9senter leurs recherches.<\/li>\n<\/ul>\n<div id=\"mainContent\" class=\"rounded_STYLE rounded\">\n<div id=\"content\">\n<div id=\"content_left\">\n<div id=\"participating-journals\">\n<p>=&gt; Teilnehmende Zeitschriften sehen<\/p>\n<p>[hide-this-part]<\/p>\n<p><a href=\"http:\/\/www.recensio.net\/rezensionen\/zeitschriften\/annales\/Annales\">Annales. Histoire, Sciences Sociales<\/a> | <a href=\"http:\/\/www.recensio.net\/rezensionen\/zeitschriften\/archiv-fuer-sozialgeschichte\/index_html\">Archiv f\u00fcr Sozialgeschichte<\/a> | <a href=\"http:\/\/www.recensio.net\/rezensionen\/zeitschriften\/bohemia.-zeitschrift-fur-geschichte-und-kultur-der-bohmischen-lander\/index_html\">Bohemia. Zeitschrift f\u00fcr Geschichte und Kultur der b\u00f6hmischen L\u00e4nder<\/a> | <a href=\"http:\/\/www.recensio.net\/rezensionen\/zeitschriften\/francia-recensio\/index_html\">Francia-Recensio<\/a> | <a href=\"http:\/\/www.recensio.net\/rezensionen\/zeitschriften\/fruhneuzeit-info\/fni\">Fr\u00fchneuzeit-Info<\/a> | <a href=\"http:\/\/www.recensio.net\/rezensionen\/zeitschriften\/german-historical-institute-london-bulletin\/index_html\" class=\"broken_link\" rel=\"nofollow\">German Historical Institute London Bulletin<\/a> | <a href=\"http:\/\/www.recensio.net\/rezensionen\/zeitschriften\/germano-polonica.-e-newsletter-der-kommission-fuer-die-geschichte-der-deutschen-in-polen-e.v\/GermanoPolonica\">Germano-Polonica. E-Newsletter der Kommission f\u00fcr die Geschichte der Deutschen in Polen e.V.<\/a> | <a href=\"http:\/\/www.recensio.net\/rezensionen\/zeitschriften\/goettinger-forum-fuer-altertumswissenschaft-gfa\/gfa\">G\u00f6ttinger Forum f\u00fcr Altertumswissenschaft (GFA)<\/a> | <a href=\"http:\/\/www.recensio.net\/rezensionen\/zeitschriften\/historiallinen-aikakauskirja\/index_html\">Historiallinen Aikakauskirja<\/a> | <a href=\"http:\/\/www.recensio.net\/rezensionen\/zeitschriften\/historicka-sociologie-historical-sociology\/index.html\">Historick\u00e1 sociologie &#8211; Historical Sociology<\/a> | <a href=\"http:\/\/www.recensio.net\/rezensionen\/zeitschriften\/historische-mitteilungen\/hmrg\">Historische Mitteilungen der Ranke-Gesellschaft (HMRG)<\/a> | <a href=\"http:\/\/www.recensio.net\/rezensionen\/zeitschriften\/hungarian-historical-review\/HHR\">Hungarian Historical Review<\/a> | <a href=\"http:\/\/www.recensio.net\/rezensionen\/zeitschriften\/hemecht\/hemecht\">H\u00e9mecht. Revue d\u2019histoire luxembourgeoise \/ Zeitschrift f\u00fcr Luxemburger Geschichte<\/a> | <a href=\"http:\/\/www.recensio.net\/rezensionen\/zeitschriften\/il-mestiere-di-storico\/ims\">Il Mestiere di Storico<\/a> | <a href=\"http:\/\/www.recensio.net\/rezensionen\/zeitschriften\/inter-finitimos\/inter-finitimos-jahrbuch-zur-deutsch-polnischen-beziehungsgeschichte\">Inter Finitimos. Jahrbuch zur deutsch-polnischen Beziehungsgeschichte<\/a> | <a href=\"http:\/\/www.recensio.net\/rezensionen\/zeitschriften\/jahrbuch-des-bundesinstituts-fur-kultur-und-geschichte-der-deutschen-im-ostlichen-europa\/index_html\">Jahrbuch des Bundesinstituts f\u00fcr Kultur und Geschichte der Deutschen im \u00f6stlichen Europa<\/a> | <a href=\"http:\/\/www.recensio.net\/rezensionen\/zeitschriften\/jahrbuch-zur-liberalismus-forschung\/libfo\">Jahrbuch zur Liberalismus-Forschung<\/a> | <a href=\"http:\/\/www.recensio.net\/rezensionen\/zeitschriften\/jahrbucher-fur-geschichte-osteuropas\/index_html\">Jahrb\u00fccher f\u00fcr Geschichte Osteuropas \/ jgo.e-reviews<\/a> | <a href=\"http:\/\/www.recensio.net\/rezensionen\/zeitschriften\/lituanistica\/lituanistica\">Lituanistica. Istorija, Archeologija, Kalba, Literat\u016bra, Tautosaka, Etnografija<\/a> | <a href=\"http:\/\/www.recensio.net\/rezensionen\/zeitschriften\/mediaevalia-historica-bohemica\/mediaevalia-historica-bohemica\">Mediaevalia Historica Bohemica<\/a> | <a href=\"http:\/\/www.recensio.net\/rezensionen\/zeitschriften\/medievalia\/medievalia\">Medievalia. Revista d&rsquo;Estudis Medievals<\/a> | <a href=\"http:\/\/www.recensio.net\/rezensionen\/zeitschriften\/mioeg\/mitteilungen-des-instituts-fuer-oesterreichische-geschichtsforschung\">Mitteilungen des Instituts f\u00fcr \u00d6sterreichische Geschichtsforschung<\/a> | <a href=\"http:\/\/www.recensio.net\/rezensionen\/zeitschriften\/melanges-de-la-casa-de-velazquez.-nouvelle-serie\/melanges\">M\u00e9langes de la Casa de Vel\u00e1zquez. Nouvelle s\u00e9rie<\/a> | <a href=\"http:\/\/www.recensio.net\/rezensionen\/zeitschriften\/nordost-archiv.-zeitschrift-fuer-regionalgeschichte\/nordost-archiv\">Nordost-Archiv. Zeitschrift f\u00fcr Regionalgeschichte N.F. (NOA)<\/a> | <a href=\"http:\/\/www.recensio.net\/rezensionen\/zeitschriften\/nuova-rivista-storica\/nuova-rivista-storica\">Nuova Rivista Storica<\/a> | <a href=\"http:\/\/www.recensio.net\/rezensionen\/zeitschriften\/quellen-und-forschungen-aus-italienischen-archiven-und-bibliotheken\/index_html\">Quellen und Forschungen aus italienischen Archiven und Bibliotheken<\/a> | <a href=\"http:\/\/www.recensio.net\/rezensionen\/zeitschriften\/recensio-moskau\/recensio-moskau\">Recensio Moskau<\/a> | <a href=\"http:\/\/www.recensio.net\/rezensionen\/zeitschriften\/rechtsgeschichte\/rechtsgeschichte\">Rechtsgeschichte &#8211; Legal History<\/a> | <a href=\"http:\/\/www.recensio.net\/rezensionen\/zeitschriften\/reviews-in-history\/index_html\">Reviews in History<\/a> | <a href=\"http:\/\/www.recensio.net\/rezensionen\/zeitschriften\/revue-dhistoire-du-xixe-siecle\/rh19\">Revue d&rsquo;histoire du XIXe si\u00e8cle<\/a> | <a href=\"http:\/\/www.recensio.net\/rezensionen\/zeitschriften\/sehepunkte\/index_html\">sehepunkte<\/a> | <a href=\"http:\/\/www.recensio.net\/rezensionen\/zeitschriften\/soudobe-dejiny\/soudobe-dejiny\">Soudob\u00e9 d\u011bjiny<\/a> | <a href=\"http:\/\/www.recensio.net\/rezensionen\/zeitschriften\/sudost-forschungen.-internationale-zeitschrift-fur-geschichte-kultur-und-landeskunde-sudosteuropas\/index_html\">S\u00fcdost-Forschungen. Internationale Zeitschrift f\u00fcr Geschichte, Kultur und Landeskunde S\u00fcdosteuropas<\/a> | <a href=\"http:\/\/www.recensio.net\/rezensionen\/zeitschriften\/sudosteuropa.-zeitschrift-fur-politik-und-gesellschaft\/index_html\">S\u00fcdosteuropa. Journal of Politics and Society<\/a> | <a href=\"http:\/\/www.recensio.net\/rezensionen\/zeitschriften\/ungarn-jahrbuch.-zeitschrift-fur-interdisziplinare-hungarologie\/index_html\">Ungarn-Jahrbuch. Zeitschrift f\u00fcr interdisziplin\u00e4re Hungarologie<\/a> | <a href=\"http:\/\/www.recensio.net\/rezensionen\/zeitschriften\/vierteljahrschrift-fuer-sozial-und-wirtschaftsgeschichte\/vswg\">Vierteljahrschrift f\u00fcr Sozial- und Wirtschaftsgeschichte (VSWG)<\/a> | <a href=\"http:\/\/www.recensio.net\/rezensionen\/zeitschriften\/werkstattgeschichte\/werkstattgeschichte\">WerkstattGeschichte<\/a> | <a href=\"http:\/\/www.recensio.net\/rezensionen\/zeitschriften\/zeitschrift-fur-balkanologie\/index_html\">Zeitschrift f\u00fcr Balkanologie<\/a> | <a href=\"http:\/\/www.recensio.net\/rezensionen\/zeitschriften\/zeitschrift-fuer-geschichtsdidaktik\/zfgd\">Zeitschrift f\u00fcr Geschichtsdidaktik (ZfGD)<\/a> | <a href=\"http:\/\/www.recensio.net\/rezensionen\/zeitschriften\/zeitschrift-fuer-historische-forschung\/zeitschrift-fuer-historische-forschung\">Zeitschrift f\u00fcr Historische Forschung (ZHF). Vierteljahresschrift zur Erforschung des Sp\u00e4tmittelalters und der fr\u00fchen Neuzeit<\/a> | <a href=\"http:\/\/www.recensio.net\/rezensionen\/zeitschriften\/zeitschrift-fur-ostmitteleuropa-forschung-zfo\/index_html\">Zeitschrift f\u00fcr Ostmitteleuropa-Forschung (ZfO)<\/a> | <a href=\"http:\/\/www.recensio.net\/rezensionen\/zeitschriften\/cesky-casopis-historicky\/cesky-casopis-historicky\">\u010cesk\u00fd \u010dasopis historick\u00fd<\/a><\/p>\n<p>[\/hide-this-part]<\/p>\n<\/div>\n<\/div>\n<\/div>\n<div id=\"viewlet-below-content\" style=\"padding-left: 30px;\">\u00a0<em><a href=\"http:\/\/www.h-net.org\/reviews\/\" target=\"_blank\" rel=\"noopener\"><strong>H-Net : Humanities and Social Sciences OnLine<\/strong><\/a><br \/>\n<\/em>Recension de documentation acad\u00e9mique dans le domaine des sciences sociales et humaines. Moteur de recherche disponible.<\/div>\n<div style=\"padding-left: 30px;\"><\/div>\n<div style=\"padding-left: 30px;\"><a href=\"http:\/\/www.nzz.ch\/feuilleton\/buecher\/\" target=\"_blank\" rel=\"noopener\"><strong>Neue Z\u00fcrcher Zeitung<\/strong><\/a> &#8211; <span class=\"linkTitle\">online, Buchrezensionen<\/span><strong><a href=\"http:\/\/www.faz.net\/aktuell\/feuilleton\/buecher\/\" target=\"_blank\" rel=\"noopener\">FAZ Feuilleton<\/a><\/strong><\/p>\n<\/div>\n<div style=\"padding-left: 30px;\"><span class=\"linkTitle\"><a href=\"http:\/\/www.sehepunkte.de\/\" target=\"_blank\" rel=\"noopener\"><strong>Sehepunkte,<\/strong><\/a> Rezensionsjournal f\u00fcr die Geschichtswissenschaften<\/span><\/div>\n<div id=\"clear-after-viewlets\" class=\"clear\"><\/div>\n<div class=\"bl\" style=\"padding-left: 30px;\"><a href=\"http:\/\/www.parutions.com\/index.php?pid=1&amp;rid=4\" target=\"_blank\" rel=\"noopener nofollow\" class=\"broken_link\"><strong>Parution.com,<\/strong> <\/a>l&rsquo;actualit\u00e9 du livre et du DVD francophone (page histoire et sciences sociales)<\/div>\n<div class=\"br\"><\/div>\n<\/div>\n<div class=\"wp-socializer wpsr-share-icons\" data-lg-action=\"show\" data-sm-action=\"show\" data-sm-width=\"768\"><div class=\"wpsr-si-inner\"><div class=\"socializer sr-popup sr-32px sr-squircle sr-opacity sr-pad\"><span class=\"sr-facebook\"><a data-id=\"facebook\" style=\"color:#ffffff;\" rel=\"nofollow\" href=\"https:\/\/www.facebook.com\/share.php?u=\" target=\"_blank\" title=\"Share this on Facebook\"><i class=\"fab fa-facebook-f\"><\/i><\/a><\/span>\n<span class=\"sr-twitter\"><a data-id=\"twitter\" style=\"color:#ffffff;\" rel=\"nofollow\" href=\"https:\/\/twitter.com\/intent\/tweet?text=%20-%20%20\" target=\"_blank\" title=\"Tweet this !\"><i class=\"fab fa-twitter\"><\/i><\/a><\/span>\n<span class=\"sr-linkedin\"><a data-id=\"linkedin\" style=\"color:#ffffff;\" rel=\"nofollow\" href=\"https:\/\/www.linkedin.com\/sharing\/share-offsite\/?url=\" target=\"_blank\" title=\"Add this to LinkedIn\"><i class=\"fab fa-linkedin-in\"><\/i><\/a><\/span>\n<span class=\"sr-pdf\"><a data-id=\"pdf\" style=\"color:#ffffff;\" rel=\"nofollow\" href=\"https:\/\/www.printfriendly.com\/print?url=\" target=\"_blank\" title=\"Convert to PDF\"><i class=\"fa fa-file-pdf\"><\/i><\/a><\/span>\n<span class=\"sr-share-menu\"><a href=\"#\" target=\"_blank\" title=\"More share links\" style=\"color:#ffffff;\" data-metadata=\"{&quot;url&quot;:&quot;&quot;,&quot;title&quot;:&quot;&quot;,&quot;excerpt&quot;:&quot;&quot;,&quot;image&quot;:&quot;&quot;,&quot;short-url&quot;:&quot;&quot;,&quot;rss-url&quot;:&quot;http:\\\/\\\/www.historikerkomitee.de\\\/?feed=rss2&quot;,&quot;comments-section&quot;:&quot;comments&quot;,&quot;raw-url&quot;:null,&quot;twitter-username&quot;:&quot;&quot;,&quot;fb-app-id&quot;:&quot;&quot;,&quot;fb-app-secret&quot;:&quot;&quot;}\"><i class=\"fa fa-plus\"><\/i><\/a><\/span><\/div><\/div><\/div>","protected":false},"excerpt":{"rendered":"<p>Revues \u00e9lectroniques \/ Online-Zeitschriften Francia \u2013 Zeitschrift f\u00fcr Westeurop\u00e4ische GeschichtePublikation des DHI \/ revue de l&rsquo;IHA Trivium \u2013 Deutsch-franz\u00f6sische Zeitschrift f\u00fcr Geistes- und Sozialwissenschaften \/ Revue franco-allemande de sciences humaines et sociales Trajectoire, revue des jeunes chercheurs du CIERA\/Zeitschrift der Nachwuchsforscher des CIERA Publications en ligne \/ Online-Publikationen HAL-SHS, Archive ouverte en Sciences de l\u2019Homme &hellip; <a href=\"http:\/\/www.historikerkomitee.de\/?page_id=568\" class=\"more-link\">Continuer la lecture de <span class=\"screen-reader-text\">Publications en ligne \/ Online-Publikationen<\/span>  <span class=\"meta-nav\">&rarr;<\/span><\/a><\/p>\n","protected":false},"author":3,"featured_media":0,"parent":94,"menu_order":4,"comment_status":"closed","ping_status":"closed","template":"","meta":[],"acf":[],"_links":{"self":[{"href":"http:\/\/www.historikerkomitee.de\/index.php?rest_route=\/wp\/v2\/pages\/568"}],"collection":[{"href":"http:\/\/www.historikerkomitee.de\/index.php?rest_route=\/wp\/v2\/pages"}],"about":[{"href":"http:\/\/www.historikerkomitee.de\/index.php?rest_route=\/wp\/v2\/types\/page"}],"author":[{"embeddable":true,"href":"http:\/\/www.historikerkomitee.de\/index.php?rest_route=\/wp\/v2\/users\/3"}],"replies":[{"embeddable":true,"href":"http:\/\/www.historikerkomitee.de\/index.php?rest_route=%2Fwp%2Fv2%2Fcomments&post=568"}],"version-history":[{"count":17,"href":"http:\/\/www.historikerkomitee.de\/index.php?rest_route=\/wp\/v2\/pages\/568\/revisions"}],"predecessor-version":[{"id":4351,"href":"http:\/\/www.historikerkomitee.de\/index.php?rest_route=\/wp\/v2\/pages\/568\/revisions\/4351"}],"up":[{"embeddable":true,"href":"http:\/\/www.historikerkomitee.de\/index.php?rest_route=\/wp\/v2\/pages\/94"}],"wp:attachment":[{"href":"http:\/\/www.historikerkomitee.de\/index.php?rest_route=%2Fwp%2Fv2%2Fmedia&parent=568"}],"curies":[{"name":"wp","href":"https:\/\/api.w.org\/{rel}","templated":true}]}}