{"id":743,"date":"2011-10-19T16:09:10","date_gmt":"2011-10-19T14:09:10","guid":{"rendered":"http:\/\/www.historikerkomitee.de\/?page_id=743"},"modified":"2013-05-13T21:55:56","modified_gmt":"2013-05-13T19:55:56","slug":"wenkel-zur-person","status":"publish","type":"page","link":"http:\/\/www.historikerkomitee.de\/?page_id=743","title":{"rendered":"Christian Wenkel"},"content":{"rendered":"<h2><span style=\"color: #993300;\"><em>Zur Person<\/em><\/span><\/h2>\n<p><strong>Christian Wenkel <\/strong>hat an den Universit\u00e4ten Mainz und Dijon Geschichte, Philosophie und Romanistik im Rahmen des <em>Cursus int\u00e9gr\u00e9 franco-allemand<\/em> studiert. Seine 2008 verteidigte Dissertation wurde in <em>co-tutelle<\/em> von Maurice Va\u00efsse (IEP Paris) und Horst M\u00f6ller (LMU M\u00fcnchen) betreut.<\/p>\n<p>Seit 2007 unterrichtet er an Sciences Po Paris Geschichte der internationalen Beziehungen, u.a. im deutsch-franz\u00f6sischen Grundstudiengang von Sciences Po in Nancy. Von 2009 bis 2011 war er Fachreferent f\u00fcr Zeitgeschichte nach 1945 am Deutschen Historischen Institut Paris; derzeit arbeitet er f\u00fcr das Institut f\u00fcr Zeitgeschichte M\u00fcnchen-Berlin.<\/p>\n<p>Sein aktuelles Forschungsprojekt besch\u00e4ftigt sich mit den Wechselwirkungen zwischen Kaltem Krieg und europ\u00e4ischem Integrationsprozess. Eine von ihm koordinierte internationale Nachwuchsforschergruppe bearbeitet dieses Thema f\u00fcr die Jahre 1975 bis 1985 am Beispiel Frankreichs. Er ist zudem aktives Gr\u00fcndungsmitglied des <em>R\u00e9seau international des jeunes chercheurs en histoire de l\u2019int\u00e9gration europ\u00e9enne<\/em>.<\/p>\n<p><strong>Publikationen <\/strong><\/p>\n<p>&#8211; La diplomatie fran\u00e7aise face \u00e0 l\u2019unification allemande. D\u2019apr\u00e8s les archives in\u00e9dites, Paris 2011 (hrsg. mit Maurice Va\u00efsse);<br \/>\n&#8211; Deutsche Zeitgeschichte nach 1945: Stand der Forschung aus westeurop\u00e4ischer Sicht, Themenheft in: Francia 38 (2011), S. 237-320 (hrsg., im Druck);<br \/>\n&#8211; Europeanisation in the 20<sup>th<\/sup> century: the historical lens \/ Europ\u00e9anisation au XX<sup>e<\/sup> si\u00e8cle: un regard historique, Br\u00fcssel 2011 (hrsg. mit Matthieu Osmont, Emilia Robin-Hivert, Katja Seidel und Mark Spoerer, im Druck);<br \/>\n&#8211; Les deux Europe \/ The two Europes. Actes du III<sup>e<\/sup> colloque international de RICHIE \/ Proceedings of the 3<sup>rd<\/sup> international RICHIE conference, Br\u00fcssel 2009 (hrsg. mit Guia Migani und Michele Affinito);<br \/>\n&#8211; Les images fran\u00e7aises du socialisme en RDA 1956\u20131968, in: Chantal Metzger (Hrsg.), La R\u00e9publique d\u00e9mocratique allemande. Vitrine du socialisme et l\u2019envers du miroir (1949\u20131989\u20132009), Bruxelles 2010, S. 219-231;<br \/>\n&#8211; Entre normalisation et continuit\u00e9. La politique \u00e9trang\u00e8re de la France face \u00e0 la RDA, in: Francia 36 (2009), S. 231-249;<br \/>\n&#8211; Inqui\u00e9tudes parlementaires. La perception du probl\u00e8me allemand \u00e0 travers les d\u00e9bats de la commission des Affaires \u00e9trang\u00e8res de l\u2019Assembl\u00e9e nationale 1949-1955, in: Relations Internationales 129 (printemps 2007), S. 85-102;<br \/>\n&#8211; Les relations entre la France et la \u2018patrie de Brecht\u2019. La France et les Fran\u00e7ais face \u00e0 l\u2019action culturelle de la RDA et la Culture est-allemande 1954-1970, in: Antoine Mar\u00e8s (Hrsg.), Culture et politique \u00e9trang\u00e8re des d\u00e9mocraties populaires, Paris 2007, S. 47-62;<br \/>\n&#8211; Un Charlemagne pour la R\u00e9publique. La transformation du lieu de m\u00e9moire \u2018Charlemagne\u2019 apr\u00e8s 1870\/71 \u00e0 l\u2019exemple de la statue de Louis Rochet, in: Francia 30\/3 (2003), S. 165-182.<\/p>\n<div class=\"wp-socializer wpsr-share-icons\" data-lg-action=\"show\" data-sm-action=\"show\" data-sm-width=\"768\"><div class=\"wpsr-si-inner\"><div class=\"socializer sr-popup sr-32px sr-squircle sr-opacity sr-pad\"><span class=\"sr-facebook\"><a data-id=\"facebook\" style=\"color:#ffffff;\" rel=\"nofollow\" href=\"https:\/\/www.facebook.com\/share.php?u=\" target=\"_blank\" title=\"Share this on Facebook\"><i class=\"fab fa-facebook-f\"><\/i><\/a><\/span>\n<span class=\"sr-twitter\"><a data-id=\"twitter\" style=\"color:#ffffff;\" rel=\"nofollow\" href=\"https:\/\/twitter.com\/intent\/tweet?text=%20-%20%20\" target=\"_blank\" title=\"Tweet this !\"><i class=\"fab fa-twitter\"><\/i><\/a><\/span>\n<span class=\"sr-linkedin\"><a data-id=\"linkedin\" style=\"color:#ffffff;\" rel=\"nofollow\" href=\"https:\/\/www.linkedin.com\/sharing\/share-offsite\/?url=\" target=\"_blank\" title=\"Add this to LinkedIn\"><i class=\"fab fa-linkedin-in\"><\/i><\/a><\/span>\n<span class=\"sr-pdf\"><a data-id=\"pdf\" style=\"color:#ffffff;\" rel=\"nofollow\" href=\"https:\/\/www.printfriendly.com\/print?url=\" target=\"_blank\" title=\"Convert to PDF\"><i class=\"fa fa-file-pdf\"><\/i><\/a><\/span>\n<span class=\"sr-share-menu\"><a href=\"#\" target=\"_blank\" title=\"More share links\" style=\"color:#ffffff;\" data-metadata=\"{&quot;url&quot;:&quot;&quot;,&quot;title&quot;:&quot;&quot;,&quot;excerpt&quot;:&quot;&quot;,&quot;image&quot;:&quot;&quot;,&quot;short-url&quot;:&quot;&quot;,&quot;rss-url&quot;:&quot;http:\\\/\\\/www.historikerkomitee.de\\\/?feed=rss2&quot;,&quot;comments-section&quot;:&quot;comments&quot;,&quot;raw-url&quot;:null,&quot;twitter-username&quot;:&quot;&quot;,&quot;fb-app-id&quot;:&quot;&quot;,&quot;fb-app-secret&quot;:&quot;&quot;}\"><i class=\"fa fa-plus\"><\/i><\/a><\/span><\/div><\/div><\/div>","protected":false},"excerpt":{"rendered":"<p>Zur Person Christian Wenkel hat an den Universit\u00e4ten Mainz und Dijon Geschichte, Philosophie und Romanistik im Rahmen des Cursus int\u00e9gr\u00e9 franco-allemand studiert. Seine 2008 verteidigte Dissertation wurde in co-tutelle von Maurice Va\u00efsse (IEP Paris) und Horst M\u00f6ller (LMU M\u00fcnchen) betreut. Seit 2007 unterrichtet er an Sciences Po Paris Geschichte der internationalen Beziehungen, u.a. im deutsch-franz\u00f6sischen &hellip; <a href=\"http:\/\/www.historikerkomitee.de\/?page_id=743\" class=\"more-link\">Continuer la lecture de <span class=\"screen-reader-text\">Christian Wenkel<\/span>  <span class=\"meta-nav\">&rarr;<\/span><\/a><\/p>\n","protected":false},"author":3,"featured_media":0,"parent":287,"menu_order":1,"comment_status":"closed","ping_status":"closed","template":"","meta":[],"acf":[],"_links":{"self":[{"href":"http:\/\/www.historikerkomitee.de\/index.php?rest_route=\/wp\/v2\/pages\/743"}],"collection":[{"href":"http:\/\/www.historikerkomitee.de\/index.php?rest_route=\/wp\/v2\/pages"}],"about":[{"href":"http:\/\/www.historikerkomitee.de\/index.php?rest_route=\/wp\/v2\/types\/page"}],"author":[{"embeddable":true,"href":"http:\/\/www.historikerkomitee.de\/index.php?rest_route=\/wp\/v2\/users\/3"}],"replies":[{"embeddable":true,"href":"http:\/\/www.historikerkomitee.de\/index.php?rest_route=%2Fwp%2Fv2%2Fcomments&post=743"}],"version-history":[{"count":8,"href":"http:\/\/www.historikerkomitee.de\/index.php?rest_route=\/wp\/v2\/pages\/743\/revisions"}],"predecessor-version":[{"id":2236,"href":"http:\/\/www.historikerkomitee.de\/index.php?rest_route=\/wp\/v2\/pages\/743\/revisions\/2236"}],"up":[{"embeddable":true,"href":"http:\/\/www.historikerkomitee.de\/index.php?rest_route=\/wp\/v2\/pages\/287"}],"wp:attachment":[{"href":"http:\/\/www.historikerkomitee.de\/index.php?rest_route=%2Fwp%2Fv2%2Fmedia&parent=743"}],"curies":[{"name":"wp","href":"https:\/\/api.w.org\/{rel}","templated":true}]}}

<h2><span style="color: #993300;"><em>Zur Person</em></span></h2>
<p><strong>Christian Wenkel </strong>hat an den Universitäten Mainz und Dijon Geschichte, Philosophie und Romanistik im Rahmen des <em>Cursus intégré franco-allemand</em> studiert. Seine 2008 verteidigte Dissertation wurde in <em>co-tutelle</em> von Maurice Vaïsse (IEP Paris) und Horst Möller (LMU München) betreut.</p>
<p>Seit 2007 unterrichtet er an Sciences Po Paris Geschichte der internationalen Beziehungen, u.a. im deutsch-französischen Grundstudiengang von Sciences Po in Nancy. Von 2009 bis 2011 war er Fachreferent für Zeitgeschichte nach 1945 am Deutschen Historischen Institut Paris; derzeit arbeitet er für das Institut für Zeitgeschichte München-Berlin.</p>
<p>Sein aktuelles Forschungsprojekt beschäftigt sich mit den Wechselwirkungen zwischen Kaltem Krieg und europäischem Integrationsprozess. Eine von ihm koordinierte internationale Nachwuchsforschergruppe bearbeitet dieses Thema für die Jahre 1975 bis 1985 am Beispiel Frankreichs. Er ist zudem aktives Gründungsmitglied des <em>Réseau international des jeunes chercheurs en histoire de l’intégration européenne</em>.</p>
<p><strong>Publikationen </strong></p>
<p>&#8211; La diplomatie française face à l’unification allemande. D’après les archives inédites, Paris 2011 (hrsg. mit Maurice Vaïsse);<br />
&#8211; Deutsche Zeitgeschichte nach 1945: Stand der Forschung aus westeuropäischer Sicht, Themenheft in: Francia 38 (2011), S. 237-320 (hrsg., im Druck);<br />
&#8211; Europeanisation in the 20<sup>th</sup> century: the historical lens / Européanisation au XX<sup>e</sup> siècle: un regard historique, Brüssel 2011 (hrsg. mit Matthieu Osmont, Emilia Robin-Hivert, Katja Seidel und Mark Spoerer, im Druck);<br />
&#8211; Les deux Europe / The two Europes. Actes du III<sup>e</sup> colloque international de RICHIE / Proceedings of the 3<sup>rd</sup> international RICHIE conference, Brüssel 2009 (hrsg. mit Guia Migani und Michele Affinito);<br />
&#8211; Les images françaises du socialisme en RDA 1956–1968, in: Chantal Metzger (Hrsg.), La République démocratique allemande. Vitrine du socialisme et l’envers du miroir (1949–1989–2009), Bruxelles 2010, S. 219-231;<br />
&#8211; Entre normalisation et continuité. La politique étrangère de la France face à la RDA, in: Francia 36 (2009), S. 231-249;<br />
&#8211; Inquiétudes parlementaires. La perception du problème allemand à travers les débats de la commission des Affaires étrangères de l’Assemblée nationale 1949-1955, in: Relations Internationales 129 (printemps 2007), S. 85-102;<br />
&#8211; Les relations entre la France et la ‘patrie de Brecht’. La France et les Français face à l’action culturelle de la RDA et la Culture est-allemande 1954-1970, in: Antoine Marès (Hrsg.), Culture et politique étrangère des démocraties populaires, Paris 2007, S. 47-62;<br />
&#8211; Un Charlemagne pour la République. La transformation du lieu de mémoire ‘Charlemagne’ après 1870/71 à l’exemple de la statue de Louis Rochet, in: Francia 30/3 (2003), S. 165-182.</p>
<div class="wp-socializer wpsr-share-icons" data-lg-action="show" data-sm-action="show" data-sm-width="768"><div class="wpsr-si-inner"><div class="socializer sr-popup sr-32px sr-squircle sr-opacity sr-pad"><span class="sr-facebook"><a data-id="facebook" style="color:#ffffff;" rel="nofollow" href="https://www.facebook.com/share.php?u=" target="_blank" title="Share this on Facebook"><i class="fab fa-facebook-f"></i></a></span>
<span class="sr-twitter"><a data-id="twitter" style="color:#ffffff;" rel="nofollow" href="https://twitter.com/intent/tweet?text=%20-%20%20" target="_blank" title="Tweet this !"><i class="fab fa-twitter"></i></a></span>
<span class="sr-linkedin"><a data-id="linkedin" style="color:#ffffff;" rel="nofollow" href="https://www.linkedin.com/sharing/share-offsite/?url=" target="_blank" title="Add this to LinkedIn"><i class="fab fa-linkedin-in"></i></a></span>
<span class="sr-pdf"><a data-id="pdf" style="color:#ffffff;" rel="nofollow" href="https://www.printfriendly.com/print?url=" target="_blank" title="Convert to PDF"><i class="fa fa-file-pdf"></i></a></span>
<span class="sr-share-menu"><a href="#" target="_blank" title="More share links" style="color:#ffffff;" data-metadata="{&quot;url&quot;:&quot;&quot;,&quot;title&quot;:&quot;&quot;,&quot;excerpt&quot;:&quot;&quot;,&quot;image&quot;:&quot;&quot;,&quot;short-url&quot;:&quot;&quot;,&quot;rss-url&quot;:&quot;http:\/\/www.historikerkomitee.de\/?feed=rss2&quot;,&quot;comments-section&quot;:&quot;comments&quot;,&quot;raw-url&quot;:null,&quot;twitter-username&quot;:&quot;&quot;,&quot;fb-app-id&quot;:&quot;&quot;,&quot;fb-app-secret&quot;:&quot;&quot;}"><i class="fa fa-plus"></i></a></span></div></div></div>

<p>Zur Person Christian Wenkel hat an den Universitäten Mainz und Dijon Geschichte, Philosophie und Romanistik im Rahmen des Cursus intégré franco-allemand studiert. Seine 2008 verteidigte Dissertation wurde in co-tutelle von Maurice Vaïsse (IEP Paris) und Horst Möller (LMU München) betreut. Seit 2007 unterrichtet er an Sciences Po Paris Geschichte der internationalen Beziehungen, u.a. im deutsch-französischen &hellip; <a href="http://www.historikerkomitee.de/?page_id=743" class="more-link">Continuer la lecture de <span class="screen-reader-text">Christian Wenkel</span>  <span class="meta-nav">&rarr;</span></a></p>
